be b(-2). Let c = -39 + o. Suppose -c*n = 2*n - 42. What is the greatest common factor of 63 and n?
7
Let w(c) = -2*c**3 - 32*c**2 - 97*c - 15. Let t be w(-3). What is the highest common factor of 10479 and t?
21
Suppose 5*j - 6*j + 153 = 2*s, -4*j + 66 = s. Let n(i) = i**3 + 16*i**2 + 16*i + 21. Let h be n(-15). What is the highest common factor of h and s?
6
Let o be (2 - 13 - -4)*-4. Suppose -14*q - o = -18*q. Let t be q/14 + (-69)/(-6). Calculate the highest common factor of 108 and t.
12
Let y = 556 + -643. Let t be y/232 + (-131)/(-8). Calculate the highest common factor of 10 and t.
2
Suppose -8*f = -3*f - 65. Suppose 0 = -15*y + f*y + 48. Let v be (4/(-5) - 0)/(3/(-15)). Calculate the greatest common divisor of y and v.
4
Let c(z) = -6*z**2 - 5*z + 40. Let o be c(0). Suppose 4*f - 3*n - 10 = 18, 2*n = 2*f - 12. Calculate the greatest common divisor of f and o.
10
Let o be (-4)/14 - 870/(-203). Let b be -3 + 4 + o/(-2) - -4. Suppose 2*x + 94 = 4*f, -x + 44 = b*f - 14. Calculate the greatest common divisor of f and 35.
7
Suppose 11*k + 951 = -457. Let q = k + 60. Let v = q - -132. Calculate the greatest common divisor of v and 96.
32
Suppose 2*x = 2, 7*h = 2*h + 4*x - 2429. Let v = h - -523. Calculate the highest common factor of v and 133.
19
Let i(v) be the first derivative of -v**3/3 - 3*v**2 + 2*v - 1065. Suppose 0 = y + 2 + 2. Let x be i(y). What is the highest common divisor of 6 and x?
2
Suppose 920 = -3*b + 5*b. Let h = b + -324. Suppose -2*q + 2*k + h = 0, 5*k + 118 = 2*q - 6. What is the greatest common factor of 8 and q?
8
Suppose 8*x = 33*x + 13*x - 17442. Calculate the highest common divisor of x and 15.
3
Let m be ((-140)/42)/(4/6). Let l = 10 + m. Suppose 0*p = -3*p + 15. What is the greatest common factor of l and p?
5
Suppose 0 = 8*m - 13*m + 870. Suppose -158 = n - m. What is the greatest common factor of 128 and n?
16
Let i(l) = 11*l**2 + 6*l - 26. Let k be (-40)/70 + 92/14. Let d be i(k). What is the highest common factor of d and 14?
14
Let k(y) = -y**3 + 9*y**2 - 3*y + 3. Let h be k(5). What is the greatest common factor of h and 3476?
44
Let n(c) = -6*c - 14. Let r be n(-3). Suppose d = -r*h - 4, d - 1 = -3*h - 3. Let l be (-12*d/(-60))/(2/10). What is the highest common factor of 32 and l?
4
Let d be 28 + -28 - (-6)/2. Suppose o + 425 = 3*g - d*o, 2*o - 288 = -2*g. What is the highest common divisor of 13 and g?
13
Suppose -3*k - 4*k - 77 = 0. Let s = -1 - k. Suppose -j = -x, j + s = 6*j. Calculate the highest common divisor of 6 and x.
2
Let g = -43 + 45. Suppose 5*y + g*u = -298, 93 = -3*y + 4*u - 91. Let h be 9*(y/(-9) + -4). What is the greatest common divisor of 8 and h?
8
Let a(h) = 225*h + 530. Let y be a(0). Calculate the greatest common factor of y and 30.
10
Let y(j) = 10*j**2 + 19*j + 520. Let l be y(-13). What is the highest common factor of 151 and l?
151
Let x = -1732 + 1782. Let y = -9 + 19. What is the highest common divisor of y and x?
10
Let s(j) = -657*j - 3026. Let v be s(-5). Calculate the greatest common divisor of v and 1517.
37
Let g be (-42)/(-4)*(-32)/6. Let o = g + 86. Let q be (360/84)/((-3)/(-14)). What is the greatest common factor of q and o?
10
Suppose 4*o - 20 = -8*i + 13*i, -2*i - 8 = 0. Suppose 5*q + 10 = o, 14*v + 4*q + 46 = 16*v. What is the highest common divisor of v and 19?
19
Let t = 6513 + -6429. What is the greatest common factor of 492 and t?
12
Suppose -4*x - 28 = 0, 0 = -21*j + 23*j - 5*x - 397. What is the greatest common factor of j and 24797?
181
Suppose 196 + 108 = 37*y - 21*y. Let g(f) = -f - 2. Let w be g(-3). Calculate the greatest common factor of w and y.
1
Suppose 2*w = -10, 2*w + 387 = -3*y + 527. Suppose 346 = h + 4*i - 0*i, 0 = -h + 5*i + 355. What is the greatest common divisor of y and h?
50
Let b = -3725 - -3941. Calculate the greatest common divisor of 48 and b.
24
Suppose 39*o + 12751 = 5*p + 42*o, 3*p - 7644 = -4*o. Suppose 394*j - 383*j = p. What is the greatest common factor of j and 29?
29
Let w be -2 + 3 + 1 + -122. Let k = w - -136. What is the greatest common factor of k and 24?
8
Suppose 2*f - 1794 = -5*x + 286, x + 5*f = 393. Calculate the greatest common divisor of 484 and x.
22
Let p(x) = 111*x + 20. Let l be p(-2). Let w = l - -298. What is the greatest common divisor of w and 120?
24
Let r be (-5)/(140/(-428)) + 4/(-14). Let c = 15 - 1. Let x = 19 - c. What is the highest common divisor of x and r?
5
Suppose 4*w - 2*w = 46. Let o(p) = 3*p**2 + 19*p + 14. Let t be o(4). What is the greatest common divisor of w and t?
23
Let d = 88 - 69. Suppose 4*m - 6*m = 2*u + 26, 5*m - d = 2*u. Let x be 2/u + (-290)/(-12). Calculate the greatest common factor of 192 and x.
24
Let c be 36/(-84) + 68892/28. What is the greatest common factor of 40 and c?
20
Suppose -4*r + 2180 = -6*q, 4 = 6*q - 7*q. What is the highest common divisor of r and 693?
77
Suppose 3*q - v + 5*v - 2346 = 0, -v = 3*q - 2337. Let y = -635 + q. Let c(m) = m**2 + 2*m - 4. Let i be c(-5). What is the highest common factor of i and y?
11
Suppose 162 = d + 14*v - 17*v, -d + 132 = 2*v. What is the highest common factor of d and 392?
8
Suppose 17*b + 4*d - 3754 = 12*b, 3*b - 2*d - 2270 = 0. Calculate the greatest common factor of 580 and b.
58
Let c be (-14)/((-2)/4*109/436). Calculate the greatest common divisor of c and 3.
1
Let m(o) = o**3 + 3*o**2 - o - 5. Let t be m(-2). Suppose -89*x = -27*x + 23*x - 680. Calculate the greatest common divisor of x and t.
1
Let j be ((-91)/14)/((-1)/10). Let m be (-2)/(0 - 6/321). Suppose -23 - m = -5*k. Calculate the greatest common divisor of j and k.
13
Suppose 3*p = 3*l - 5*l + 651, 4*l - 1281 = p. Suppose l = 8*m + 121. Let g(t) = 14*t + 75. Let o be g(0). What is the greatest common factor of m and o?
25
Let s = 20 + -14. Let g = -37399 - -37441. What is the greatest common divisor of g and s?
6
Let h = -83 + 263. Let b be h/(-27)*(-117)/5. Calculate the greatest common factor of b and 36.
12
Suppose 22*i - 25*i + 200 = 2*p, 3*p + i = 279. What is the greatest common factor of p and 234?
13
Suppose -15*n - 5*p = 536 - 611, -n + p = 7. Let g(c) = -c + 6. Let f be g(5). Calculate the greatest common factor of n and f.
1
Suppose -4*b = 5*s - 2060, -2*s + 5*s + 3*b - 1239 = 0. Suppose -11*g = -3*g - s. Suppose g*o - 49*o - 60 = 0. What is the highest common factor of o and 15?
15
Let m(n) = -n - 3. Let x be m(4). Let y(p) = 4*p**2 + 26*p - 4. Let c be y(x). What is the greatest common factor of c and 110?
10
Suppose -8*u + 5*u + 252 = 0. Let q be (u/16 + -6)/(3/(-192)). What is the highest common divisor of 64 and q?
16
Let q = 4722 - -7467. What is the highest common factor of 51 and q?
51
Let o be (-172)/6*(-15 - (-19 - -7)). Calculate the greatest common factor of 731 and o.
43
Suppose 45*l - 41 - 13 = -9. What is the highest common divisor of l and 1427?
1
Let k = 40958 + -40792. Calculate the highest common factor of k and 10873.
83
Suppose 2*v = 4*p + 76, v - p - 76 = -v. Let u(j) = -21*j - 163. Let x be u(18). Let f = 636 + x. Calculate the greatest common factor of f and v.
19
Let z = -16699 + 16707. Calculate the greatest common divisor of z and 176.
8
Let m(v) = -v**2 - 17*v - 35. Let o be m(-14). Let j be (-21)/(-28)*(4 - 0). Let t(d) = 2*d + 1. Let p be t(j). What is the highest common divisor of p and o?
7
Let o be 1781/52 - (-1)/(-4). Suppose -3*m = -3*u - 18, 2*u - 8 = m - 4*m. Calculate the highest common factor of m and o.
2
Let s = 75 + -42. Suppose 2*v - 210 = 4*a, a + 2*a - 3*v = -150. Let p = a + 58. Calculate the highest common factor of p and s.
3
Suppose 22*w - 2288 = -30*w. Calculate the highest common divisor of w and 5588.
44
Let g(h) = 66*h**2 + 24*h - 52. Let i be g(-4). Calculate the highest common divisor of i and 10.
2
Let v(d) = -7*d**2 - 5*d - 5. Let g be v(-2). Let z = g - -31. Calculate the greatest common factor of 184 and z.
8
Suppose q + 75 = 6*q + 3*c, 5*q - 75 = -5*c. Suppose -22*j - 330 = -24*j. Calculate the highest common divisor of q and j.
15
Suppose 14*b - 96 = -10*b. Suppose 0*l = 3*l - 4*z - 66, 2*z - 88 = -b*l. Calculate the highest common factor of 88 and l.
22
Let v = -3674 - -3676. Suppose 0 = -4*i - 6 + 22. Suppose i*n = -2*r - n + 7, 5*n = -4*r + 39. What is the greatest common factor of 